rs of z?
5
Let l(y) = -y**3 - 7*y**2 - 8*y + 4. Suppose -u - 2*o = 8, -2*o = -5*u - o - 29. What are the prime factors of l(u)?
2
Suppose 22 + 2 = 3*q. Let m be (20/15)/((-1)/45). List the prime factors of ((-8)/10)/(q/m).
2, 3
Suppose 0 = 3*w - 5*r - 755, 8*w - 4*r - 1267 = 3*w. What are the prime factors of w?
3, 5, 17
Suppose g - 2 = -2*k + 8, 5*g + 5*k = 60. Let b be (-4)/g - 86/(-7). Let d = b + -4. What are the prime factors of d?
2
Suppose 5*g - 3*o - 76 = 61, -3*g - 4*o + 88 = 0. What are the prime factors of g?
2, 7
Let h(n) = 2*n**3 - 5*n**2 + 4*n - 5. List the prime factors of h(3).
2
Suppose 83 = 2*t - 51. List the prime factors of t.
67
Suppose 3*n = 5*n + 4*y - 2, y + 3 = 0. Let r(c) = c**2 - 4*c - 9. List the prime factors of r(n).
2, 3
Let o(d) be the second derivative of -d**4/12 + 3*d**3/2 - 9*d**2/2 - d. Let m be ((-77)/(-22))/(2/4). List the prime factors of o(m).
5
Let n = -3 - -8. Suppose 3*j + w - 2 = 0, 0 = -5*j - 2*w + n. What are the prime factors of (-2 - (-1 - j)) + 11?
3
Let g(d) = -d**2 - 9*d + 10. Let k be (-4)/10 + (-208)/(-20). Let c = 1 - k. List the prime factors of g(c).
2, 5
Let g(z) be the second derivative of z**4/6 - 5*z**3/3 + 4*z**2 + 2*z. What are the prime factors of g(6)?
2, 5
Suppose -8*m + 6*m = -66. What are the prime factors of m?
3, 11
Let r = 125 - -611. What are the prime factors of (1/(-2))/((-16)/r)?
23
What are the prime factors of ((-2)/(-4))/((-36)/(-2376))?
3, 11
Suppose -2*d - 16 = f - 0*f, -5*f = 3*d + 10. Let m = -5 - d. Suppose 18 = 2*r + y, 2*y = -m*r + 3*y + 59. What are the prime factors of r?
11
Let r be ((-90)/8)/(2/(-8)). Suppose -2*p - 2*h + 3*h = -35, 3*p + h = r. List the prime factors of p.
2
Let n = 0 + 3. Let o(v) = -5*v + 0*v**2 - 5*v**2 - v**n + 2*v**3. What are the prime factors of o(6)?
2, 3
Let a = -246 + 345. What are the prime factors of a?
3, 11
Suppose 4*d = -d + 230. Suppose d = 7*z - 5*z. What are the prime factors of z?
23
Let y(n) = n**3 + 6*n**2 - 10*n. List the prime factors of y(-6).
2, 3, 5
Suppose 4 = -o - q + 2, -4*o - 2*q = 0. Suppose 0 = o*y - y - 18. Suppose 0*h - y = -3*h. What are the prime factors of h?
2, 3
Let s(v) = v**2 - 2*v - 2. Let d be (-77)/(-21) - (-1)/3. List the prime factors of s(d).
2, 3
What are the prime factors of (4 - 3) + (0 - -28)?
29
Let h(m) = -2*m**3 - m**2 + m + 2. Let c be h(-2). Let z = c + -19. Let p = -3 - z. List the prime factors of p.
2
Suppose -3*x = x - 28. Let p(u) = -u**3 + 7*u**2 + 2*u - 8. List the prime factors of p(x).
2, 3
Suppose 5 = -3*i + 29. Let q = -1 + i. What are the prime factors of q?
7
What are the prime factors of (-2435)/(-25) - -2*3/(-15)?
97
What are the prime factors of 2/9 - 626/(-18)?
5, 7
Let w(k) = k + 13. What are the prime factors of w(10)?
23
Suppose h + 5*h = 414. Suppose -3*f - 3 = -h. What are the prime factors of f?
2, 11
Suppose 14 = -2*l + 4*l. Suppose -4*g + 51 - l = 0. Suppose -5*o + g = 3*a - 15, 54 = 5*a + 3*o. What are the prime factors of a?
2, 3
Let p = 0 - -2. Let m(q) = 2*q + 1. What are the prime factors of m(p)?
5
Let n be -1*(-2)/3*3. Let t be ((-3)/(-6)*0)/n. Suppose 0 = -t*k + 3*k - 30. What are the prime factors of k?
2, 5
Let f(b) = -b**3 + 3*b**2 + 4*b - 4. Let u be f(3). Suppose -4*s - u - 38 = -2*x, -5*s + 69 = 3*x. What are the prime factors of x?
23
Suppose -5*c - 18 = -5*q + 42, -3*q + 4*c = -41. What are the prime factors of q?
7
Let y(c) = 31*c - 19. What are the prime factors of y(5)?
2, 17
Suppose u - 4*k + 9*k - 4 = 0, 4 = u - 2*k. Suppose -c - 32 = -5*c. List the prime factors of 1*38*u/c.
19
Let d = 27 + 22. List the prime factors of d.
7
Let x be (-12)/10*20/3. Let o = 6 + x. List the prime factors of o/5 - (-57)/5.
11
Let z(j) = -6*j - 9*j**3 + 7*j**2 + 2 - 1 + 8*j**3. What are the prime factors of z(4)?
5
Let m be 4/(6/(-3)*-1). Let d be -12*(0 + m/(-6)). Suppose -3*l + 37 = d*y, -6*y + 4 = -2*y. What are the prime factors of l?
11
Suppose -5*x - 2 - 3 = 0, 0 = -5*q + x + 341. Suppose 8 - q = -3*h. What are the prime factors of h?
2, 5
Suppose -3*o = -6 - 3. Suppose -o*b - 5 = -4*b. What are the prime factors of b?
5
Let t(r) = 2*r - 1. Let k be t(-8). Let i = k + 59. Suppose 0 = -2*v + 5*v - i. What are the prime factors of v?
2, 7
Suppose -2 = 5*r - 3*r. Suppose 2*c + 8 - 22 = 0. What are the prime factors of 1 + c - r - 0?
3
List the prime factors of 20*9/24*(-58)/(-3).
5, 29
Let s(k) = -k**2 + 7*k - 4. Let p be s(6). Suppose -5*j + p*j + 15 = 0, 2*y + 5*j = 49. List the prime factors of y.
2, 3
Suppose 10*k + 10 = 15*k. Suppose 0 = -k*j - 2*j + 168. List the prime factors of j.
2, 3, 7
Let i = -12 - -96. List the prime factors of i.
2, 3, 7
Let s(z) = -14*z - 4. List the prime factors of s(-3).
2, 19
Let v = 3 + -4. Let m be ((-1)/(-1) - 76)*v. Suppose -4*c - m = -9*c. What are the prime factors of c?
3, 5
Suppose 38*k + 1284 = 41*k. What are the prime factors of k?
2, 107
Let f be (-10)/(-14) + 18/63. Let t(l) = -12*l**2 + 3*l + 4. Let i(h) = 24*h**2 - 7*h - 9. Let r(a) = -3*i(a) - 7*t(a). What are the prime factors of r(f)?
11
Let i(l) = -35*l - 1. What are the prime factors of i(-1)?
2, 17
Suppose 6*r + 105 = 375. What are the prime factors of r?
3, 5
Let l = -273 + 413. What are the prime factors of l?
2, 5, 7
Let v be (0 - 0)/(-1) - -120. Suppose 5*k - 92 = -3*b + 26, 4*b = 4*k - v. Suppose 4*w + 39 = 3*z + 5*w, -2*z = w - k. What are the prime factors of z?
13
Suppose -8*q + 6*q = -88. Suppose -95 = -5*w + 5*u, 4*w + 2*u - 32 = q. List the prime factors of w.
19
Let l = -9 - -12. Suppose l*x - b - 3*b - 68 = 0, 4*b + 44 = 2*x. What are the prime factors of x?
2, 3
Suppose 0*h = -2*h + 12. Let c be 3/(3/h*3). Suppose v + 3*v + c*x = 36, -x = -3*v + 32. List the prime factors of v.
2, 5
List the prime factors of -51*((-4)/14 + (-50)/21).
2, 17
Let x be 4/(4 + 0)*-20. Let f = 23 + x. What are the prime factors of f?
3
Let s(b) = -b - 1. Let f be s(-5). Let u be (2/f)/(4/8). Let i(g) = 2*g**3 + g - 1. List the prime factors of i(u).
2
Let u = -42 - -111. What are the prime factors of u?
3, 23
Let c(q) = 4*q**2 - 4*q - 1. List the prime factors of c(-4).
79
Let y = 383 + -137. List the prime factors of y.
2, 3, 41
Suppose -3*g - 3*k = -0*k - 51, -2*g + k + 43 = 0. What are the prime factors of g?
2, 5
Let b = 169 - 89. What are the prime factors of b?
2, 5
Let o(n) = 0 - n**2 - 8*n + 2 + 3 + 1. Let r = 21 - 29. List the prime factors of o(r).
2, 3
Let c(w) = -w**3 - 3*w**2 - w - 1. Let d be c(-3). Suppose 5*t = -3*z + 85, 5*z = d*t - 49 + 15. List the prime factors of t.
17
Let d be 7 + -2 - (2 - 2). Suppose -d*o + 8 = -o. What are the prime factors of (-1)/(-2)*14 - o?
5
Let q(u) = -15*u + 1. What are the prime factors of q(-3)?
2, 23
Let x(o) = o + 2*o**2 + 0*o**2 + 1 + 0*o. List the prime factors of x(-2).
7
Suppose 31 = 3*m - 5*r, -r - 1 - 4 = 0. Suppose -2*f - m*f = -60. List the prime factors of f.
3, 5
Let u = 1 - 1. Suppose -5*a + 239 = -1. Suppose u = -5*k - 2*y + a, 0 = -5*k + 3*y - 4*y + 44. What are the prime factors of k?
2
Suppose 4*j - 32 = -5*o, 0*o = -4*j - 3*o + 24. Let u(c) = c**2 - 3 + 4 - j. What are the prime factors of u(-3)?
7
Let m(v) = -32*v**3 - v - 1. List the prime factors of m(-1).
2
Let t(v) = -v**3 - 7*v**2 - 6*v + 2. Suppose 0 = 4*i - 0*i + 24. Let x be t(i). Suppose 7 - x = p. List the prime factors of p.
5
Suppose -4*b - 461 = -5*y, -3*b = -3*y - y + 368. What are the prime factors of y?
89
List the prime factors of (-28)/98 - 135/(-7).
19
Let o(g) = 6*g + 7. List the prime factors of o(5).
37
Suppose -25 = 5*w, -x - 2*x + 3*w + 21 = 0. Suppose -1 = -5*s - 11. What are the prime factors of s/6*0 + x?
2
Suppose -69 + 9 = -2*s. List the prime factors of s.
2, 3, 5
Suppose 0 = -3*o + 4*l + 44, 28 - 2 = 3*o + 5*l. What are the prime factors of o?
2, 3
Suppose -10*f + 1123 = 213. List the prime factors of f.
7, 13
Let q be (-66)/(-10) - (-4)/10. Let f = -1 + 0. Let m = q + f. List the prime factors of m.
2, 3
Suppose x = q - 7, -2*q - 4*x + 2 = -q. Let a = q + 4. What are the prime factors of a?
2, 5
Let r(x) be the first derivative of 4*x**3/3 - x**2 + 1. Let l be r(3). Suppose -10 = -4*d + l. List the prime factors of d.
2, 5
Suppose 5*n = -0*m + 4*m - 153, m = -4*n + 54. Suppose 3*q = m + 18. List the prim